{"id":1166,"date":"2019-11-15T15:13:05","date_gmt":"2019-11-15T15:13:05","guid":{"rendered":"https:\/\/www.hajim.wdev.rochester.edu\/optics\/alonso\/?page_id=1166"},"modified":"2021-04-04T07:13:02","modified_gmt":"2021-04-04T07:13:02","slug":"propagating-wave-fields-using-rays","status":"publish","type":"page","link":"https:\/\/www.hajim.rochester.edu\/optics\/alonso\/publications\/propagating-wave-fields-using-rays\/","title":{"rendered":"Propagating wave fields using rays"},"content":{"rendered":"\n<h4 class=\"wp-block-heading\"><strong>We study the propagation of coherent wave fields through homogeneous or inhomogeneous media in terms of rays through a method called\u00a0<em>stable aggregates of flexible elements<\/em> (SAFE). The wave field is constructed by &#8220;dressing&#8221; the rays with field contributions of Gaussian profile. While each of these contributions is not an approximate solution to the wave equation, their superposition is. This superposition is asymptotically independent of the width of the contributions assigned to the rays.<br>Within the context of quantum-mechanical applications, this method can be used to model the evolution of wavefunctions in different potentials, and can be regarded as an initial value representation.<\/strong><\/h4>\n\n\n\n<h2 class=\"wp-block-heading\"><strong>Book chapter giving an overview of ray-based methods for wave propagation<\/strong><\/h2>\n\n\n\n<ul class=\"wp-block-list\"><li><a href=\"http:\/\/www.mcgraw-hill.co.uk\/html\/0071597980.html\">M.A. Alonso, &#8220;Rays and waves&#8221;, in&nbsp;<em>Phase Space Optics: Fundamentals and Applications<\/em>, (McGraw-Hill, 2009), eds. B. Hennelly, J. Ojeda-Castaneda, and M. Testorf.<\/a><\/li><\/ul>\n\n\n\n<h2 class=\"wp-block-heading\"><strong>Stable aggregates of flexible elements in optics and quantum mechanics<\/strong><\/h2>\n\n\n\n<p>Journal articles<\/p>\n\n\n\n<ul class=\"wp-block-list\"><li><a href=\"http:\/\/dx.doi.org\/10.1364\/JOSAA.30.001223\">M.A. Alonso, &#8220;Ray-based diffraction calculations using stable aggregates of flexible elements,&#8221; J. Opt. Soc. Am. A&nbsp;<strong>30<\/strong>, 1223-1235 (2013).<\/a><\/li><li><a href=\"http:\/\/dx.doi.org\/10.1364\/OE.10.000728\">M.A. Alonso and G.W. Forbes, &#8220;Stable aggregates of flexible elements give a stronger link between rays and waves,&#8221; Opt. Exp.&nbsp;<strong>10<\/strong>, 728-739 (2002).<\/a><\/li><li><a href=\"http:\/\/dx.doi.org\/10.1364\/JOSAA.18.001357\">M.A. Alonso and G.W. Forbes, &#8220;Using rays better. III. Error estimates and illustrative applications in smooth media,&#8221; J. Opt. Soc. Am. A&nbsp;<strong>18<\/strong>, 1357-1370 (2001).<\/a><\/li><li><a href=\"http:\/\/dx.doi.org\/10.1364\/JOSAA.18.001146\">M.A. Alonso and G.W. Forbes, &#8220;Using rays better. II. Ray families to match prescribed wave fields,&#8221; J. Opt. Soc. Am. A&nbsp;<strong>18<\/strong>, 1146-1159 (2001).<\/a><\/li><li><a href=\"http:\/\/dx.doi.org\/10.1364\/JOSAA.18.001132\">G.W. Forbes and M.A. Alonso, &#8220;Using rays better. I. Theory for smoothly varying media,&#8221; J. Opt. Soc. Am. A&nbsp;<strong>18<\/strong>, 1132-1145 (2001).<\/a><\/li><li><a href=\"http:\/\/dx.doi.org\/10.1063\/1.532829\">M.A. Alonso and G.W. Forbes, &#8220;New approach to semiclassical analysis in mechanics,&#8221; J. Math. Phys.&nbsp;<strong>40<\/strong>, 1699-1718 (1999).<\/a><\/li><\/ul>\n\n\n\n<p>Conference proceedings<\/p>\n\n\n\n<ul class=\"wp-block-list\"><li><a href=\"http:\/\/dx.doi.org\/10.1007\/978-3-642-36359-7_81\">M.A. Alonso, &#8220;The connection between rays and waves,&#8221; Proceedings of Fringe 2013, 7th International Workshop on Advanced Optical Imaging and Metrology, W. Osten, Ed. (Springer, Hiedelberg, 2013), pp. 457-466.<\/a><\/li><li><a href=\"http:\/\/dx.doi.org\/10.1117\/12.507138\">G.W. Forbes and M.A. Alonso, &#8220;Stable aggregates of flexible elements link rays and waves,&#8221; Nonimaging Optics: Maximum Efficiency Light Transfer VII, SPIE Proceedings&nbsp;<strong>5185<\/strong>, 125-136 (2004).<\/a><\/li><li><a href=\"http:\/\/www.ee.bgu.ac.il\/~specmeth\/EMT04\/pdf\/session_2\/2_06_04.pdf\">M.A. Alonso, &#8220;Stable aggregates of flexible elements: Making a silk purse from sow&#8217;s ears,&#8221; 2004 URSI EMTS International Symposium on Electromagnetic Theory Proceedings (Edizioni Plus, Pisa 2004), pp. 346-348.<\/a><\/li><li><a href=\"http:\/\/dx.doi.org\/10.1117\/12.486473\">G.W. Forbes and M.A. Alonso, &#8220;The Holy Grail of ray-based optical modeling,&#8221; Proceedings of the International Optical Design Conference 2002, SPIE Proceedings&nbsp;<strong>4832<\/strong>, 186-197 (2002).<\/a><\/li><li><a href=\"http:\/\/dx.doi.org\/10.1117\/12.507138\">G.W. Forbes and M.A. Alonso, &#8220;What on earth is a ray and how can we use them best?,&#8221; Proceedings of the International Optical Design Conference&nbsp;<strong>1998<\/strong>, SPIE Proceedings 3482, 22-31 (1999).<\/a><\/li><\/ul>\n\n\n\n<p>Others<\/p>\n\n\n\n<ul class=\"wp-block-list\"><li><a href=\"https:\/\/doi.org\/10.1051\/photon\/202010029\">M.A. Alonso, &#8220;La th\u00e9orie ondulatoire de Fresnel a-t-elle tu\u00e9 les rayons ? Comment r\u00e9concilier les rayons et les ondes,&#8221; Photoniques, 2020, p. 29-33.<\/a><\/li><li><a href=\"http:\/\/dx.doi.org\/10.1364\/OPN.12.12.000054\">G.W. Forbes and M.A. Alonso, &#8220;Using rays better,&#8221; summary included in the Optics in 2001 special issue of Optics and Photonic News\u00a0<strong>12<\/strong>, 54 (December 2001).<\/a><\/li><\/ul>\n\n\n\n<h2 class=\"wp-block-heading\"><strong>Precursors to SAFE: ray-based propagators and fractional Fourier and Legendre transformations<\/strong><\/h2>\n\n\n\n<p>Journal articles<\/p>\n\n\n\n<ul class=\"wp-block-list\"><li><a href=\"http:\/\/dx.doi.org\/10.1364\/JOSAA.15.001341\">G.W. Forbes and M.A. Alonso, &#8220;Asymptotic estimation of the optical wave propagator II: relative validity,&#8221; J. Opt. Soc. Am. A&nbsp;<strong>15<\/strong>, 1341-1354 (1998).<\/a><\/li><li><a href=\"http:\/\/dx.doi.org\/10.1364\/JOSAA.15.001329\">M.A. Alonso and G.W. Forbes, &#8220;Asymptotic estimation of the optical wave propagator I: derivation of a new method,&#8221; J. Opt. Soc. Am. A&nbsp;<strong>15<\/strong>, 1329-1340 (1998).<\/a><\/li><li><a href=\"http:\/\/dx.doi.org\/10.1364\/JOSAA.14.001279\">M.A. Alonso and G.W. Forbes, &#8220;Uniform asymptotic expansions for wave propagators via fractional transformations,&#8221; J. Opt. Soc. Am. A&nbsp;<strong>14<\/strong>, 1279-1292 (1997).<\/a><\/li><li><a href=\"http:\/\/dx.doi.org\/10.1364\/JOSAA.14.001076\">M.A. Alonso and G.W. Forbes, &#8220;Semigeometrical estimation of Green&#8217;s functions and wave propagators in optics,&#8221; J. Opt. Soc. Am. A&nbsp;<strong>14<\/strong>, 1076-1086 (1997).<\/a><\/li><li><a href=\"http:\/\/dx.doi.org\/10.1364\/JOSAA.12.002744\">M.A. Alonso and G.W. Forbes, &#8220;Generalization of Hamilton&#8217;s formalism for geometrical optics,&#8221; J. Opt. Soc. Am. A&nbsp;<strong>12<\/strong>&nbsp;2744-2752 (1995).<\/a><\/li><li><a href=\"http:\/\/dx.doi.org\/10.1088\/0305-4470\/28\/19\/008\">M.A. Alonso and G.W. Forbes, &#8220;Fractional Legendre transformation,&#8221; J. Phys. A: Math. Gen.&nbsp;<strong>28<\/strong>, 5509-5527 (1995).<\/a><\/li><\/ul>\n\n\n\n<p>Conference proceedings<\/p>\n\n\n\n<ul class=\"wp-block-list\"><li><a href=\"http:\/\/dx.doi.org\/10.1117\/12.231076\">M.A. Alonso and G.W. Forbes, &#8220;Fractional Legendre transformation and its use in Hamilton&#8217;s formalism,&#8221; Proceedings of the Second Iberoamerican Meeting on Optics, SPIE Proceedings&nbsp;<strong>2730<\/strong>, 248-251 (1996).<\/a><\/li><\/ul>\n","protected":false},"excerpt":{"rendered":"<p>We study the propagation of coherent wave fields through homogeneous or inhomogeneous media in terms of rays through a method called\u00a0stable aggregates of flexible elements (SAFE). The wave field is constructed by &#8220;dressing&#8221; the rays with field contributions of Gaussian profile. While each of these contributions is not an approximate solution to the wave equation, &hellip; <\/p>\n<p class=\"link-more\"><a href=\"https:\/\/www.hajim.rochester.edu\/optics\/alonso\/publications\/propagating-wave-fields-using-rays\/\" class=\"more-link\">Continue reading<span class=\"screen-reader-text\"> &#8220;Propagating wave fields using rays&#8221;<\/span><\/a><\/p>\n","protected":false},"author":0,"featured_media":1586,"parent":936,"menu_order":0,"comment_status":"closed","ping_status":"closed","template":"","meta":{"footnotes":""},"class_list":["post-1166","page","type-page","status-publish","has-post-thumbnail","hentry"],"_links":{"self":[{"href":"https:\/\/www.hajim.rochester.edu\/optics\/alonso\/wp-json\/wp\/v2\/pages\/1166","targetHints":{"allow":["GET"]}}],"collection":[{"href":"https:\/\/www.hajim.rochester.edu\/optics\/alonso\/wp-json\/wp\/v2\/pages"}],"about":[{"href":"https:\/\/www.hajim.rochester.edu\/optics\/alonso\/wp-json\/wp\/v2\/types\/page"}],"replies":[{"embeddable":true,"href":"https:\/\/www.hajim.rochester.edu\/optics\/alonso\/wp-json\/wp\/v2\/comments?post=1166"}],"version-history":[{"count":5,"href":"https:\/\/www.hajim.rochester.edu\/optics\/alonso\/wp-json\/wp\/v2\/pages\/1166\/revisions"}],"predecessor-version":[{"id":3182,"href":"https:\/\/www.hajim.rochester.edu\/optics\/alonso\/wp-json\/wp\/v2\/pages\/1166\/revisions\/3182"}],"up":[{"embeddable":true,"href":"https:\/\/www.hajim.rochester.edu\/optics\/alonso\/wp-json\/wp\/v2\/pages\/936"}],"wp:featuredmedia":[{"embeddable":true,"href":"https:\/\/www.hajim.rochester.edu\/optics\/alonso\/wp-json\/wp\/v2\/media\/1586"}],"wp:attachment":[{"href":"https:\/\/www.hajim.rochester.edu\/optics\/alonso\/wp-json\/wp\/v2\/media?parent=1166"}],"curies":[{"name":"wp","href":"https:\/\/api.w.org\/{rel}","templated":true}]}}